
Let k(u) = u**2 - 17*u + 31. What is k(16)?
15
Let q(f) = -f**2 - 9*f - 16. Determine q(-2).
-2
Let j(y) = -6*y**3 - 11*y**2 + 9*y + 1. What is j(1)?
-7
Let o(l) = -3*l + 3. Give o(3).
-6
Let w(b) = -b**3 + 7*b**2 + 4*b + 33. Calculate w(7).
61
Let i(o) = -o - 29. Give i(-7).
-22
Let a(c) = -c**2 - 7*c - 1. Determine a(-5).
9
Let k(n) = n**3 - 3*n**2 + 5*n. Determine k(4).
36
Let x(p) = p**2 - 10*p - 7. Give x(7).
-28
Let x(v) = -v**2 - 9*v - 18. What is x(-3)?
0
Let x(m) = -m**2 + 15*m - 2. Determine x(7).
54
Let l(n) = n - 7. What is l(13)?
6
Let o(g) = -5*g + 31. Determine o(7).
-4
Let f(z) = -21*z - 12. Determine f(-5).
93
Let l(r) = -r**3 + 16*r**2 + 2*r + 13. Determine l(16).
45
Let b(p) = 2*p**2 - 52*p - 45. Give b(27).
9
Let t(q) = -q**3 + 14*q**2 + 5*q - 69. Give t(14).
1
Let z(t) = 2*t**3 + 5*t - 5. Determine z(2).
21
Let o(k) = -k**3 - 2*k**2 + k + 6. Calculate o(-5).
76
Let m(h) = h**2 + 2*h - 22. Calculate m(6).
26
Let x(r) = 8*r + 31. Give x(-6).
-17
Let d(s) = -29*s - 7. Calculate d(6).
-181
Let o(u) = -2*u - 23. Give o(10).
-43
Let s(x) = x**3 - 9*x**2 - 5*x + 57. Give s(8).
-47
Let a(c) = c**2. Determine a(3).
9
Let z(o) = -2*o**2 - 11*o - 10. Determine z(-8).
-50
Let u(z) = z**3 - 6*z**2 - 9*z + 65. Determine u(4).
-3
Let w(z) = z**3 - 7*z**2 + 4*z - 8. Give w(6).
-20
Let l(n) = 3*n**3 + 60*n**2 - n - 20. Calculate l(-20).
0
Let j(x) = -x**2 + 30*x - 54. Give j(28).
2
Let j(a) = a**3 + 5*a**2 + 2. Determine j(-5).
2
Let v(o) = -4*o**2 - 17*o + 8. Determine v(-5).
-7
Let h(y) = -23*y + 1. What is h(2)?
-45
Let z(l) = -l**3 + 10*l**2 + 2*l - 39. Calculate z(10).
-19
Let l(o) = -2*o**2 - 2*o - 2. Determine l(-3).
-14
Let b(j) = -j**2 - 3*j + 17. What is b(-5)?
7
Let s(u) = -u**3 + 2*u**2 - 4*u + 4. Determine s(2).
-4
Let x(o) = -o**3 + 11*o**2 - o + 17. Calculate x(11).
6
Let z(k) = 30*k + 537. Calculate z(-18).
-3
Let y(h) = h**2 + 65*h + 348. Determine y(-6).
-6
Let i(w) = 3*w - 19. Give i(11).
14
Let q(f) = f**2 - 4*f - 10. Give q(6).
2
Let f(i) = 8*i + 21. Calculate f(10).
101
Let o(h) = h**2 + 2*h - 2. Give o(5).
33
Let d(m) = m**2 + 5*m + 14. Calculate d(-10).
64
Let x(u) = u**2 + 5*u + 6. Calculate x(-5).
6
Let u(o) = -2*o**2 - o - 3. What is u(2)?
-13
Let v(g) = -9*g**2 - 8*g - 6. What is v(4)?
-182
Let n(h) = h**2 - 3*h - 13. Calculate n(6).
5
Let k(d) = -2*d**2 - 11*d - 2. What is k(-9)?
-65
Let l(v) = -2*v - 46. What is l(-23)?
0
Let w(q) = -q**2 - 37*q + 107. Give w(3).
-13
Let b(v) = -8*v - 52. Give b(-11).
36
Let z(w) = -6*w + 72. Determine z(10).
12
Let i(t) = -t**2 - 7. What is i(-4)?
-23
Let b(v) = 6*v - 1. Give b(-2).
-13
Let a(s) = 40*s - 198. What is a(5)?
2
Let v(k) = 5*k + 180. Calculate v(-35).
5
Let b(x) = -6*x - 33. Determine b(18).
-141
Let t(q) = 2*q**2 - 3*q + 1. Calculate t(6).
55
Let z(k) = -3*k**2 + 21*k - 19. What is z(5)?
11
Let v(z) = -z**2 - 10*z - 19. What is v(-8)?
-3
Let l(m) = 5*m + 99. What is l(-18)?
9
Let d(a) = -2*a**3 + 9*a**2 + 3*a + 6. Determine d(5).
-4
Let x(q) = -q**2 + q + 9. What is x(10)?
-81
Let y(u) = -10*u - 5. Determine y(-4).
35
Let m(s) = 18*s - 148. Determine m(9).
14
Let b(h) = -4*h + 13. Give b(9).
-23
Let g(p) = 2*p + 73. Determine g(-42).
-11
Let b(x) = -18*x**2 + x. What is b(1)?
-17
Let t(i) = i**3 + 8*i**2 + 5*i - 3. Give t(-8).
-43
Let p(j) = 5*j - 10. Determine p(15).
65
Let u(v) = -4*v + 3. Determine u(-5).
23
Let r(m) = -m**3 - 7*m**2 - 7*m - 5. What is r(-5)?
-20
Let k(y) = -y**3 + 11*y**2 - 10*y - 13. Give k(9).
59
Let w(x) = -3*x - 27. What is w(-11)?
6
Let y(r) = r**3 - 24*r**2 - 24*r - 26. Determine y(25).
-1
Let q(g) = 19*g - 126. Give q(7).
7
Let k(u) = -u**2 - 14*u - 54. Give k(-10).
-14
Let h(t) = -7*t - 1. What is h(-3)?
20
Let h(j) = j - 11. Determine h(4).
-7
Let p(o) = -2*o + 3. What is p(-7)?
17
Let g(q) = -5*q**3 - q**2 - q. Determine g(-2).
38
Let l(j) = j**3 + 3*j**2 - 2*j - 3. Calculate l(-4).
-11
Let s(q) = 5*q - 27. Calculate s(0).
-27
Let u(f) = -3*f + 24. Give u(8).
0
Let y(m) = m**2 - 16*m - 61. Determine y(19).
-4
Let o(w) = 10*w**2 + 8*w + 7. Give o(-1).
9
Let z(n) = n**3 - 16*n**2 + 13*n + 55. What is z(15)?
25
Let a(i) = 60*i - 535. What is a(9)?
5
Let r(v) = 2*v**3 + 17*v**2 + 11*v + 10. What is r(-8)?
-14
Let t(z) = z + 3. Determine t(-7).
-4
Let s(l) = -l + 12. Determine s(5).
7
Let l(n) = n**3 - 9*n**2 + 4*n - 8. Calculate l(10).
132
Let l(a) = a**3 - 3*a**2 - 3*a + 3. Determine l(2).
-7
Let w(x) = -x**2 + 14*x - 49. Calculate w(5).
-4
Let i(h) = h**3 + 21*h**2 + 66*h - 29. What is i(-17)?
5
Let n(a) = 4*a**2 - a - 1. Determine n(-1).
4
Let q(t) = t**3 + 16*t**2 - 37*t - 20. What is q(-18)?
-2
Let m(g) = g**2 + 23*g + 61. Give m(-16).
-51
Let r(n) = n**3 - 8*n**2 + 5*n - 2. What is r(6)?
-44
Let d(p) = -4*p**2 + 23*p - 10. Calculate d(7).
-45
Let a(g) = -g**3 - 26*g**2 + 23*g - 101. Calculate a(-27).
7
Let k(b) = 15*b - 187. What is k(11)?
-22
Let j(s) = 29*s + 49. Give j(-2).
-9
Let n(u) = -u**2 + 23*u + 223. Determine n(-7).
13
Let p(d) = -d**3 - 8*d**2 + 12*d + 20. Determine p(-9).
-7
Let f(g) = -37*g**2 - 5*g + 5. What is f(1)?
-37
Let d(a) = 10*a**2 - 4*a - 1. Determine d(3).
77
Let d(q) = 2*q**2 + 16*q + 25. What is d(-4)?
-7
Let w(p) = 4*p**2 - 13*p - 69. Determine w(6).
-3
Let q(t) = -2*t**2 + 18*t - 16. What is q(8)?
0
Let p(u) = u**2 + 29*u - 4. What is p(-29)?
-4
Let y(m) = m**3 + 15*m**2 - 30*m - 4. Calculate y(2).
4
Let q(d) = 2*d**2 - d - 3. What is q(3)?
12
Let t(h) = h**3 - h**2 - 2*h - 1. What is t(0)?
-1
Let i(j) = -2*j**2 + 2*j + 17. Calculate i(-5).
-43
Let w(p) = p + 12. Determine w(-4).
8
Let g(q) = 3*q**3 + 2*q**2 - 3*q - 2. What is g(-2)?
-12
Let h(l) = l**3 - 18*l**2 + 2*l - 22. What is h(18)?
14
Let c(r) = -5*r**2 + 21*r + 15. Give c(7).
-83
Let t(f) = 2*f**3 - 5*f + 2. Give t(3).
41
Let k(y) = y**3 - 36*y**2 - 38*y + 23. Give k(37).
-14
Let d(x) = 2*x**2 + 8*x - 8. Give d(-5).
2
Let y(p) = -2*p + 6. Give y(6).
-6
Let d(j) = 11*j + 20. Determine d(2).
42
Let d(r) = 11*r + 1. Determine d(-1).
-10
Let y(z) = z**3 - 8*z**2 - 11*z - 6. What is y(9)?
-24
Let g(z) = 10*z + 52. Give g(-7).
-18
Let t(g) = 2*g + 5. Determine t(5).
15
Let m(j) = -7*j - 4. Calculate m(-15).
101
Let y(k) = 5*k + 157. What is y(-35)?
-18
Let s(z) = 2*z + 2. Give s(1).
4
Let s(i) = -83*i**3 - i**2 + i + 1. Give s(-1).
82
Let h(g) = 2*g**2 + 4*g + 3. Determine h(-1).
1
Let h(f) = f**3 - 7*f**2 - 4*f - 20. Calculate h(8).
12
Let g(m) = -2*m**2 + 31*m + 53. Determine g(18).
-37
Let m(a) = 28*a + 97. Determine m(-4).
-15
Let y(m) = -m - 1. Calculate y(2).
-3
Let y(t) = -t**2 + 11. Calculate y(-5).
-14
Let k(c) = c**3 - 15*c**2 + 13*c + 3. Calculate k(14).
-11
Let i(m) = 3*m - 2. What is i(2)?
4
Let f(s) = s**2 + 10*s + 10. Determine f(-10).
10
Let c(n) = 2*n**2 - 11*n - 42. What is c(8)?
-2
Let r(d) = d**3 - 7*d**2 - 8*d + 6. What is r(8)?
6
Let a(m) = 32*m - 822. Calculate a(26).
10
Let q(l) = l**3 + 6*l**2 - 17*l - 8. Calculate q(-8).
0
Let a(b) = -b**3 - 4*b**2 + 8*b - 10. Calculate a(4).
-106
Let v(o) = -2*o - 3. What is v(-7)?
11
Let u(z) = -z + 10. Determine u(15).
-5
Let r(v) = -8*v + 14. Calculate r(3).
-10
Let z(h) = -2*h**3 - 6*h**2 + 3. What is z(-3)?
3
Let d(i) = -41*i**3. Determine d(-1).
41
Let d(r) = r**3 - 4*r**2 - r - 3. What is d(4)?
-7
Let m(a) = 2*a**3 + 13*a**2 - 5*a + 17. Give m(-7).
3
Let r(a) = 3*a**2 - 87*a + 11. Give r(30).
101
Let p(q) = q**3 + 2*q**2 - 23*q - 55. What is p(-5)?
-15
Let h(v) = -v - 9. Give h(-8).
-1
Let n(t) = t**3 - 17*t**2 + 19*t - 38. Calculate n(16).
10
Let t(r) = -r**2 - 19*r + 24. What is t(-19)?
24
Let d(l) = -7*l**2 - 4*l + 5. Determine d(1).
-6
Let v(i) = i**3 + 7*i**2 - 7*i - 15. Calculate v(-8).
-23
Let s(o) = -o - 12. Determine s(10).
-22
Let y(m) = -7*m - 134. Calculate y(-19).
-1
Let d(i) = 10*i - 4. Give d(0).
-4
Let l(q) = -q**2 + 3*q - 3. Give l(1).
-1
Let g(i) = -3*i**2 - 204*i + 5. Determine g(-68).
5
Let u(v) = 5*v - 1. What is u(-3)?
-16
Let x(p) = -p**3 + 3*p**2 + p - 1. Give x(4).
-13
Let p(x) = -x - 26. Give p(-19).
-7
Let n(g) = 3*g**2 - 4*g + 4. Give n(4).
36
Let q(m) = m**3 - 3*m**2 - m - 7. What is q(6)?
95
Let j(s) = -4*s. Give j(-2).
8
Let f(n) = -54*n**3 - 3*n**2 + 2*n + 4. Calculate f(-1).
53
Let h(p) = 4*p + 6. Calculate h(-1).
2
Let c(h) = -h**2 - 3*h + 7.